{"id":29,"date":"2020-10-01T03:38:34","date_gmt":"2020-10-01T03:38:34","guid":{"rendered":"https:\/\/educacioncristorey.com.mx\/website\/?page_id=29"},"modified":"2021-09-26T04:55:15","modified_gmt":"2021-09-26T04:55:15","slug":"comunidades-de-la-provincia-de-cristo-rey","status":"publish","type":"page","link":"https:\/\/educacioncristorey.com.mx\/website\/","title":{"rendered":"COMUNIDADES DE LA PROVINCIA DE CRISTO REY"},"content":{"rendered":"\n\r\n\t<ul id=\"slideshowgallery1312\" class=\"slideshowgallery1312\" style=\"display:none;\">\r\n\t\t\t\t\t<!-- From all slides or gallery slides -->\r\n\t\t\t\t\t\t\t\r\n\t\t\t\t<li>\r\n\t\t\t\t\t<h3 style=\"opacity:70;\">jacona<\/h3>\r\n\t\t\t\t\t\t\t\t\t\t\t<span data-alt=\"jacona\">https:\/\/educacioncristorey.com.mx\/website\/wp-content\/uploads\/2020\/10\/jacona-798x517.png<\/span>\r\n\t\t\t\t\t\t\t\t\t\t<p><\/p>\r\n\t\t\t\t\t\t\t\t\t\t\t\t\t\t\t\t\t\t<a><\/a>\r\n\t\t\t\t\t\t\t\t\t\t\t\t\t\t\t<\/li>\r\n\t\t\t\t\t\t\t\r\n\t\t\t\t<li>\r\n\t\t\t\t\t<h3 style=\"opacity:70;\">cdmx_ie<\/h3>\r\n\t\t\t\t\t\t\t\t\t\t\t<span data-alt=\"cdmxie\">https:\/\/educacioncristorey.com.mx\/website\/wp-content\/uploads\/2020\/10\/cdmx_ie-798x517.png<\/span>\r\n\t\t\t\t\t\t\t\t\t\t<p><\/p>\r\n\t\t\t\t\t\t\t\t\t\t\t\t\t\t\t\t\t\t<a><\/a>\r\n\t\t\t\t\t\t\t\t\t\t\t\t\t\t\t<\/li>\r\n\t\t\t\t\t\t\t\r\n\t\t\t\t<li>\r\n\t\t\t\t\t<h3 style=\"opacity:70;\">salvatierra<\/h3>\r\n\t\t\t\t\t\t\t\t\t\t\t<span data-alt=\"salvatierra\">https:\/\/educacioncristorey.com.mx\/website\/wp-content\/uploads\/2020\/10\/salvatierra-798x517.png<\/span>\r\n\t\t\t\t\t\t\t\t\t\t<p><\/p>\r\n\t\t\t\t\t\t\t\t\t\t\t\t\t\t\t\t\t\t<a><\/a>\r\n\t\t\t\t\t\t\t\t\t\t\t\t\t\t\t<\/li>\r\n\t\t\t\t\t\t\t\r\n\t\t\t\t<li>\r\n\t\t\t\t\t<h3 style=\"opacity:70;\">pajacuaran<\/h3>\r\n\t\t\t\t\t\t\t\t\t\t\t<span data-alt=\"pajacuaran\">https:\/\/educacioncristorey.com.mx\/website\/wp-content\/uploads\/2020\/10\/pajacuaran-798x517.png<\/span>\r\n\t\t\t\t\t\t\t\t\t\t<p><\/p>\r\n\t\t\t\t\t\t\t\t\t\t\t\t\t\t\t\t\t\t<a><\/a>\r\n\t\t\t\t\t\t\t\t\t\t\t\t\t\t\t<\/li>\r\n\t\t\t\t\t\t\t\r\n\t\t\t\t<li>\r\n\t\t\t\t\t<h3 style=\"opacity:70;\">morelia<\/h3>\r\n\t\t\t\t\t\t\t\t\t\t\t<span data-alt=\"morelia\">https:\/\/educacioncristorey.com.mx\/website\/wp-content\/uploads\/2020\/10\/morelia-798x517.png<\/span>\r\n\t\t\t\t\t\t\t\t\t\t<p><\/p>\r\n\t\t\t\t\t\t\t\t\t\t\t\t\t\t\t\t\t\t<a><\/a>\r\n\t\t\t\t\t\t\t\t\t\t\t\t\t\t\t<\/li>\r\n\t\t\t\t\t\t\t\r\n\t\t\t\t<li>\r\n\t\t\t\t\t<h3 style=\"opacity:70;\">merida<\/h3>\r\n\t\t\t\t\t\t\t\t\t\t\t<span data-alt=\"merida\">https:\/\/educacioncristorey.com.mx\/website\/wp-content\/uploads\/2020\/10\/merida-798x517.png<\/span>\r\n\t\t\t\t\t\t\t\t\t\t<p><\/p>\r\n\t\t\t\t\t\t\t\t\t\t\t\t\t\t\t\t\t\t<a><\/a>\r\n\t\t\t\t\t\t\t\t\t\t\t\t\t\t\t<\/li>\r\n\t\t\t\t\t\t\t\r\n\t\t\t\t<li>\r\n\t\t\t\t\t<h3 style=\"opacity:70;\">leon_goretti<\/h3>\r\n\t\t\t\t\t\t\t\t\t\t\t<span data-alt=\"leongoretti\">https:\/\/educacioncristorey.com.mx\/website\/wp-content\/uploads\/2020\/10\/leon_goretti-798x517.png<\/span>\r\n\t\t\t\t\t\t\t\t\t\t<p><\/p>\r\n\t\t\t\t\t\t\t\t\t\t\t\t\t\t\t\t\t\t<a><\/a>\r\n\t\t\t\t\t\t\t\t\t\t\t\t\t\t\t<\/li>\r\n\t\t\t\t\t\t\t\r\n\t\t\t\t<li>\r\n\t\t\t\t\t<h3 style=\"opacity:70;\">guadalajara<\/h3>\r\n\t\t\t\t\t\t\t\t\t\t\t<span data-alt=\"guadalajara\">https:\/\/educacioncristorey.com.mx\/website\/wp-content\/uploads\/2020\/10\/guadalajara-798x517.png<\/span>\r\n\t\t\t\t\t\t\t\t\t\t<p><\/p>\r\n\t\t\t\t\t\t\t\t\t\t\t\t\t\t\t\t\t\t<a><\/a>\r\n\t\t\t\t\t\t\t\t\t\t\t\t\t\t\t<\/li>\r\n\t\t\t\t\t\t\t\r\n\t\t\t\t<li>\r\n\t\t\t\t\t<h3 style=\"opacity:70;\">celaya_jap<\/h3>\r\n\t\t\t\t\t\t\t\t\t\t\t<span data-alt=\"celayajap\">https:\/\/educacioncristorey.com.mx\/website\/wp-content\/uploads\/2020\/10\/celaya_jap-798x517.png<\/span>\r\n\t\t\t\t\t\t\t\t\t\t<p><\/p>\r\n\t\t\t\t\t\t\t\t\t\t\t\t\t\t\t\t\t\t<a><\/a>\r\n\t\t\t\t\t\t\t\t\t\t\t\t\t\t\t<\/li>\r\n\t\t\t\t\t\t\t\r\n\t\t\t\t<li>\r\n\t\t\t\t\t<h3 style=\"opacity:70;\">uruapan<\/h3>\r\n\t\t\t\t\t\t\t\t\t\t\t<span data-alt=\"uruapan\">https:\/\/educacioncristorey.com.mx\/website\/wp-content\/uploads\/2020\/10\/uruapan-798x517.png<\/span>\r\n\t\t\t\t\t\t\t\t\t\t<p><\/p>\r\n\t\t\t\t\t\t\t\t\t\t\t\t\t\t\t\t\t\t<a><\/a>\r\n\t\t\t\t\t\t\t\t\t\t\t\t\t\t\t<\/li>\r\n\t\t\t\t\t\t<\/ul>\r\n\t\r\n\t<div id=\"slideshow-wrappergallery1312\" class=\"slideshow-wrapper\">\r\n\t\t\t\r\n\t\t<div class=\"slideshow-fullsize\" id=\"fullsizegallery1312\">\r\n\t\t\t\t\t\t\t\t\t\t\t\t\t\t<div id=\"imgprevgallery1312\" class=\"slideshow-imgprev imgnav\" title=\"Previous Image\">Previous Image<\/div>\r\n\t\t\t\t\t\t<a id=\"imglinkgallery1312\" class=\"slideshow-imglink imglink\"><!-- link --><\/a>\r\n\t\t\t\t\t\t\t\t\t\t\t<div id=\"imgnextgallery1312\" class=\"slideshow-imgnext imgnav\" title=\"Next Image\">Next Image<\/div>\r\n\t\t\t\t\t\t<div id=\"imagegallery1312\" class=\"slideshow-image\"><\/div>\r\n\t\t\t<div class=\"slideshow-information infobottom\" id=\"informationgallery1312\">\r\n\t\t\t\t<h3 class=\"slideshow-info-heading\">info heading<\/h3>\r\n\t\t\t\t<p class=\"slideshow-info-content\">info content<\/p>\r\n\t\t\t<\/div>\r\n\t\t<\/div>\r\n\t\t\r\n\t\t\t<\/div>\r\n\t\r\n\t<!-- Slideshow Gallery Javascript BEG -->\t\r\n\t<script type=\"text\/javascript\">\r\n\tjQuery.noConflict();\r\n\ttid('slideshowgallery1312').style.display = \"none\";\r\n\ttid('slideshow-wrappergallery1312').style.display = 'block';\r\n\ttid('slideshow-wrappergallery1312').style.visibility = 'hidden';\r\n\tjQuery(\"#fullsizegallery1312\").append('<div id=\"spinnergallery1312\"><i class=\"fa fa-cog fa-spin\"><\/i><\/div>');\r\n\ttid('spinnergallery1312').style.visibility = 'visible';\r\n\r\n\tvar slideshowgallery1312 = new TINY.slideshow(\"slideshowgallery1312\");\r\n\tjQuery(document).ready(function() {\r\n\t\tslideshowgallery1312.auto = true;\t\tslideshowgallery1312.speed = 10;\r\n\t\tslideshowgallery1312.effect = \"slide\";\r\n\t\tslideshowgallery1312.slide_direction = \"lr\";\r\n\t\tslideshowgallery1312.easing = \"swing\";\r\n\t\tslideshowgallery1312.alwaysauto = true;\r\n\t\tslideshowgallery1312.autoheight = false;\r\n\t\tslideshowgallery1312.autoheight_max = false;\r\n\t\tslideshowgallery1312.imgSpeed = 20;\r\n\t\tslideshowgallery1312.navOpacity = 25;\r\n\t\tslideshowgallery1312.navHover = 75;\r\n\t\tslideshowgallery1312.letterbox = \"#000000\";\r\n\t\tslideshowgallery1312.linkclass = \"linkhover\";\r\n\t\tslideshowgallery1312.imagesid = \"imagesgallery1312\";\r\n\t\tslideshowgallery1312.info = \"\";\r\n\t\tslideshowgallery1312.infoonhover = 0;\r\n\t\tslideshowgallery1312.infoSpeed = 10;\r\n\t\tslideshowgallery1312.infodelay = 0;\r\n\t\tslideshowgallery1312.infofade = 0;\r\n\t\tslideshowgallery1312.infofadedelay = 0;\r\n\t\tslideshowgallery1312.thumbs = \"\";\r\n\t\tslideshowgallery1312.thumbOpacity = 70;\r\n\t\tslideshowgallery1312.left = \"slideleftgallery1312\";\r\n\t\tslideshowgallery1312.right = \"sliderightgallery1312\";\r\n\t\tslideshowgallery1312.scrollSpeed = 5;\r\n\t\tslideshowgallery1312.spacing = 5;\r\n\t\tslideshowgallery1312.active = \"\";\r\n\t\tslideshowgallery1312.imagesthickbox = \"false\";\r\n\t\tjQuery(\"#spinnergallery1312\").remove();\r\n\t\tslideshowgallery1312.init(\"slideshowgallery1312\",\"imagegallery1312\",\"imgprevgallery1312\",\"imgnextgallery1312\",\"imglinkgallery1312\");\r\n\t\ttid('slideshow-wrappergallery1312').style.visibility = 'visible';\r\n\t\tjQuery(window).trigger('resize');\r\n\t\t\r\n\t\t\t});\r\n\t\r\n\t\t<\/script>\r\n\t\r\n\t<!-- Slideshow Gallery Javascript END --><!-- Slideshow Gallery CSS BEG -->\t\r\n\t<link rel=\"stylesheet\" property=\"stylesheet\" href=\"https:\/\/educacioncristorey.com.mx\/website\/wp-content\/plugins\/slideshow-gallery\/views\/default\/css.php?id=gallery1312\" type=\"text\/css\" media=\"all\" \/>\r\n\t\r\n\t<!--[if IE 6]>\r\n\t<style type=\"text\/css\">\r\n\t.imglink, #imglink { display: none !important; }\r\n\t.linkhover { display: none !important; }\r\n\t<\/style>\r\n\t<![endif]-->\r\n\t\r\n\t<!-- Slideshow Gallery CSS END -->\n\n\n\n<p><\/p>\n\n\n\n<h1 class=\"wp-block-heading\">NUESTRAS INSTITUCIONES EDUCATIVAS<\/h1>\n\n\n\n<p style=\"text-align: justify;\">\nEl primer Colegio Guadalupano fue fundado el 12 de noviembre de 1867, en Jacona, Michoac\u00e1n, M\u00e9xico. Actualmente las Fundaciones Guadalupanas son casi 85; est\u00e1n localizadas principalmente en M\u00e9xico, adem\u00e1s de El Salvador, Bolivia, Chile, Rep\u00fablica Dominicana, Estados Unidos y Roma. En las p\u00e1ginas siguientes podr\u00e1s ver la lista y ubicaci\u00f3n de dichas Fundaciones, casi 60 de las cuales son Colegios, as\u00ed como obras misioneras y asistenciales que tambi\u00e9n forman parte de las Instituciones Guadalupanas.\n<\/p>\n<hr>\n<p style=\"text-align: justify;\">\nUna aut\u00e9ntica espiritualidad mariana, ha de ser rasgo caracter\u00edstico de los miembros de la Comunidad Educativa Pastoral de los Colegios Guadalupanos Plancartinos; asumir un estilo guadalupano de ser y de actuar, implica, a ejemplo de nuestra Se\u00f1ora, hablar el lenguaje de la gente, hablarle a su realidad, encarnarse en sus circunstancias, asumir su cultura, tocar su coraz\u00f3n y, en definitiva, ser portadores de su Hijo; esta es la forma guadalupana de evangelizar.\n<\/p>\n<hr>\n<p style=\"text-align: justify;\">\nJos\u00e9 Antonio Plancarte privilegia la educaci\u00f3n del coraz\u00f3n,  por\nlo cual nos alegramos, pues eso significa que la tarea de la educaci\u00f3n es para \u00e9l, y por lo tanto para los Colegios Guadalupanos por \u00e9l fundados, mucho m\u00e1s que el mero cultivo del aspecto intelectual; la educaci\u00f3n del coraz\u00f3n es la educaci\u00f3n de la voluntad, la educaci\u00f3n en valores cristianos, la educaci\u00f3n de la afectividad, de la inteligencia espiritual y la inteligencia emocional, de la formaci\u00f3n de actitudes evang\u00e9licas, en s\u00edntesis, la formaci\u00f3n en el amor a Dios y al pr\u00f3jimo.\n<\/p>\n<hr>\n\n\n\n<h1 class=\"wp-block-heading\">NUESTROS VALORES<\/h1>\n\n\n\n<div class=\"wp-block-image\"><figure class=\"aligncenter size-large\"><img loading=\"lazy\" decoding=\"async\" width=\"1024\" height=\"200\" src=\"https:\/\/educacioncristorey.com.mx\/website\/wp-content\/uploads\/2020\/10\/valoresv2-1024x200.png\" alt=\"\" class=\"wp-image-114\"\/><\/figure><\/div>\n\n\n\n<div class=\"wp-block-image\"><figure class=\"aligncenter size-large\"><img loading=\"lazy\" decoding=\"async\" width=\"422\" height=\"220\" src=\"https:\/\/educacioncristorey.com.mx\/website\/wp-content\/uploads\/2020\/10\/lema.png\" alt=\"\" class=\"wp-image-55\"\/><\/figure><\/div>\n","protected":false},"excerpt":{"rendered":"<p>NUESTRAS INSTITUCIONES EDUCATIVAS El primer Colegio Guadalupano fue fundado el 12 de noviembre de 1867, en Jacona, Michoac\u00e1n, M\u00e9xico. Actualmente las Fundaciones Guadalupanas son casi 85; est\u00e1n localizadas principalmente en M\u00e9xico, adem\u00e1s de El Salvador, Bolivia, Chile, Rep\u00fablica Dominicana, Estados Unidos y Roma. En las p\u00e1ginas siguientes podr\u00e1s ver la lista y ubicaci\u00f3n de dichas [&hellip;]<\/p>\n","protected":false},"author":1,"featured_media":0,"parent":0,"menu_order":0,"comment_status":"closed","ping_status":"closed","template":"","meta":{"footnotes":""},"class_list":["post-29","page","type-page","status-publish","hentry"],"_links":{"self":[{"href":"https:\/\/educacioncristorey.com.mx\/website\/index.php?rest_route=\/wp\/v2\/pages\/29","targetHints":{"allow":["GET"]}}],"collection":[{"href":"https:\/\/educacioncristorey.com.mx\/website\/index.php?rest_route=\/wp\/v2\/pages"}],"about":[{"href":"https:\/\/educacioncristorey.com.mx\/website\/index.php?rest_route=\/wp\/v2\/types\/page"}],"author":[{"embeddable":true,"href":"https:\/\/educacioncristorey.com.mx\/website\/index.php?rest_route=\/wp\/v2\/users\/1"}],"replies":[{"embeddable":true,"href":"https:\/\/educacioncristorey.com.mx\/website\/index.php?rest_route=%2Fwp%2Fv2%2Fcomments&post=29"}],"version-history":[{"count":29,"href":"https:\/\/educacioncristorey.com.mx\/website\/index.php?rest_route=\/wp\/v2\/pages\/29\/revisions"}],"predecessor-version":[{"id":123,"href":"https:\/\/educacioncristorey.com.mx\/website\/index.php?rest_route=\/wp\/v2\/pages\/29\/revisions\/123"}],"wp:attachment":[{"href":"https:\/\/educacioncristorey.com.mx\/website\/index.php?rest_route=%2Fwp%2Fv2%2Fmedia&parent=29"}],"curies":[{"name":"wp","href":"https:\/\/api.w.org\/{rel}","templated":true}]}}